{"id":386,"date":"2022-04-22T19:25:44","date_gmt":"2022-04-22T16:25:44","guid":{"rendered":"http:\/\/www.beykarsan.com\/?post_type=product&#038;p=386"},"modified":"2025-07-05T16:52:47","modified_gmt":"2025-07-05T13:52:47","slug":"iveco-12014-2-el-tenteli-hayvan-celeb-kasasi","status":"publish","type":"product","link":"https:\/\/www.beykarsan.com\/?product=iveco-12014-2-el-tenteli-hayvan-celeb-kasasi","title":{"rendered":"\u0130veco 12014 2. El Tenteli Hayvan\/Celeb Kasas\u0131"},"content":{"rendered":"","protected":false},"excerpt":{"rendered":"<p>by Beypazar\u0131 Beykarsan<\/p>\n","protected":false},"featured_media":263,"comment_status":"open","ping_status":"closed","template":"","meta":[],"product_cat":[49,65],"product_tag":[62,72,66,73],"class_list":{"0":"post-386","1":"product","2":"type-product","3":"status-publish","4":"has-post-thumbnail","6":"product_cat-hayvan-celeb-kasasi","7":"product_cat-iveco","8":"product_tag-2-el","9":"product_tag-hayvan-celeb-kasasi-2","10":"product_tag-iveco-2","11":"product_tag-tenteli","13":"first","14":"instock","15":"shipping-taxable","16":"product-type-simple"},"yoast_head":"<!-- This site is optimized with the Yoast SEO plugin v21.1 - https:\/\/yoast.com\/wordpress\/plugins\/seo\/ -->\n<title>\u0130veco 12014 2. El Tenteli Hayvan\/Celeb Kasas\u0131 - BEYKARSAN KAROSER VE DAMPER SANAY\u0130<\/title>\n<meta name=\"description\" content=\"\u0130veco 12014 2. El Tenteli Hayvan\/Celeb Kasas\u0131 \/ Beykarsan Karoser ve Damper Sanayi - \u00dcstyap\u0131n\u0131n G\u00fcvenilir Adresi | Beypazar\u0131 Karoserin Ba\u015fkenti\" \/>\n<meta name=\"robots\" content=\"index, follow, max-snippet:-1, max-image-preview:large, max-video-preview:-1\" \/>\n<link rel=\"canonical\" href=\"https:\/\/www.beykarsan.com\/?product=iveco-12014-2-el-tenteli-hayvan-celeb-kasasi\" \/>\n<meta property=\"og:locale\" content=\"tr_TR\" \/>\n<meta property=\"og:type\" content=\"article\" \/>\n<meta property=\"og:title\" content=\"\u0130veco 12014 2. El Tenteli Hayvan\/Celeb Kasas\u0131 - BEYKARSAN KAROSER VE DAMPER SANAY\u0130\" \/>\n<meta property=\"og:description\" content=\"\u0130veco 12014 2. El Tenteli Hayvan\/Celeb Kasas\u0131 \/ Beykarsan Karoser ve Damper Sanayi - \u00dcstyap\u0131n\u0131n G\u00fcvenilir Adresi | Beypazar\u0131 Karoserin Ba\u015fkenti\" \/>\n<meta property=\"og:url\" content=\"https:\/\/www.beykarsan.com\/?product=iveco-12014-2-el-tenteli-hayvan-celeb-kasasi\" \/>\n<meta property=\"og:site_name\" content=\"BEYKARSAN KAROSER VE DAMPER SANAY\u0130\" \/>\n<meta property=\"article:publisher\" content=\"https:\/\/www.facebook.com\/profile.php?id=100050422414160\" \/>\n<meta property=\"article:modified_time\" content=\"2025-07-05T13:52:47+00:00\" \/>\n<meta property=\"og:image\" content=\"https:\/\/www.beykarsan.com\/wp-content\/uploads\/2022\/04\/IMG_6702-scaled.jpeg\" \/>\n\t<meta property=\"og:image:width\" content=\"4032\" \/>\n\t<meta property=\"og:image:height\" content=\"3024\" \/>\n\t<meta property=\"og:image:type\" content=\"image\/jpeg\" \/>\n<meta name=\"twitter:card\" content=\"summary_large_image\" \/>\n<script type=\"application\/ld+json\" class=\"yoast-schema-graph\">{\"@context\":\"https:\/\/schema.org\",\"@graph\":[{\"@type\":\"WebPage\",\"@id\":\"https:\/\/www.beykarsan.com\/?product=iveco-12014-2-el-tenteli-hayvan-celeb-kasasi\",\"url\":\"https:\/\/www.beykarsan.com\/?product=iveco-12014-2-el-tenteli-hayvan-celeb-kasasi\",\"name\":\"\u0130veco 12014 2. El Tenteli Hayvan\/Celeb Kasas\u0131 - BEYKARSAN KAROSER VE DAMPER SANAY\u0130\",\"isPartOf\":{\"@id\":\"https:\/\/www.beykarsan.com\/#website\"},\"datePublished\":\"2022-04-22T16:25:44+00:00\",\"dateModified\":\"2025-07-05T13:52:47+00:00\",\"description\":\"\u0130veco 12014 2. El Tenteli Hayvan\/Celeb Kasas\u0131 \/ Beykarsan Karoser ve Damper Sanayi - \u00dcstyap\u0131n\u0131n G\u00fcvenilir Adresi | Beypazar\u0131 Karoserin Ba\u015fkenti\",\"breadcrumb\":{\"@id\":\"https:\/\/www.beykarsan.com\/?product=iveco-12014-2-el-tenteli-hayvan-celeb-kasasi#breadcrumb\"},\"inLanguage\":\"tr\",\"potentialAction\":[{\"@type\":\"ReadAction\",\"target\":[\"https:\/\/www.beykarsan.com\/?product=iveco-12014-2-el-tenteli-hayvan-celeb-kasasi\"]}]},{\"@type\":\"BreadcrumbList\",\"@id\":\"https:\/\/www.beykarsan.com\/?product=iveco-12014-2-el-tenteli-hayvan-celeb-kasasi#breadcrumb\",\"itemListElement\":[{\"@type\":\"ListItem\",\"position\":1,\"name\":\"Anasayfa\",\"item\":\"https:\/\/www.beykarsan.com\/\"},{\"@type\":\"ListItem\",\"position\":2,\"name\":\"\u0130veco 12014 2. El Tenteli Hayvan\/Celeb Kasas\u0131\"}]},{\"@type\":\"WebSite\",\"@id\":\"https:\/\/www.beykarsan.com\/#website\",\"url\":\"https:\/\/www.beykarsan.com\/\",\"name\":\"BEYKARSAN KAROSER VE DAMPER SANAY\u0130\",\"description\":\"\u00dcSTYAPININ G\u00dcVEN\u0130L\u0130R ADRES\u0130\",\"publisher\":{\"@id\":\"https:\/\/www.beykarsan.com\/#organization\"},\"potentialAction\":[{\"@type\":\"SearchAction\",\"target\":{\"@type\":\"EntryPoint\",\"urlTemplate\":\"https:\/\/www.beykarsan.com\/?s={search_term_string}\"},\"query-input\":\"required name=search_term_string\"}],\"inLanguage\":\"tr\"},{\"@type\":\"Organization\",\"@id\":\"https:\/\/www.beykarsan.com\/#organization\",\"name\":\"BEYKARSAN KAROSER VE DAMPER SANAY\u0130\",\"url\":\"https:\/\/www.beykarsan.com\/\",\"logo\":{\"@type\":\"ImageObject\",\"inLanguage\":\"tr\",\"@id\":\"https:\/\/www.beykarsan.com\/#\/schema\/logo\/image\/\",\"url\":\"https:\/\/www.beykarsan.com\/wp-content\/uploads\/2020\/12\/cropped-beykarsan-logo.png\",\"contentUrl\":\"https:\/\/www.beykarsan.com\/wp-content\/uploads\/2020\/12\/cropped-beykarsan-logo.png\",\"width\":512,\"height\":512,\"caption\":\"BEYKARSAN KAROSER VE DAMPER SANAY\u0130\"},\"image\":{\"@id\":\"https:\/\/www.beykarsan.com\/#\/schema\/logo\/image\/\"},\"sameAs\":[\"https:\/\/www.facebook.com\/profile.php?id=100050422414160\",\"https:\/\/www.instagram.com\/beykarsankaroserdamper\/\"]}]}<\/script>\n<!-- \/ Yoast SEO plugin. -->","yoast_head_json":{"title":"\u0130veco 12014 2. El Tenteli Hayvan\/Celeb Kasas\u0131 - BEYKARSAN KAROSER VE DAMPER SANAY\u0130","description":"\u0130veco 12014 2. El Tenteli Hayvan\/Celeb Kasas\u0131 \/ Beykarsan Karoser ve Damper Sanayi - \u00dcstyap\u0131n\u0131n G\u00fcvenilir Adresi | Beypazar\u0131 Karoserin Ba\u015fkenti","robots":{"index":"index","follow":"follow","max-snippet":"max-snippet:-1","max-image-preview":"max-image-preview:large","max-video-preview":"max-video-preview:-1"},"canonical":"https:\/\/www.beykarsan.com\/?product=iveco-12014-2-el-tenteli-hayvan-celeb-kasasi","og_locale":"tr_TR","og_type":"article","og_title":"\u0130veco 12014 2. El Tenteli Hayvan\/Celeb Kasas\u0131 - BEYKARSAN KAROSER VE DAMPER SANAY\u0130","og_description":"\u0130veco 12014 2. El Tenteli Hayvan\/Celeb Kasas\u0131 \/ Beykarsan Karoser ve Damper Sanayi - \u00dcstyap\u0131n\u0131n G\u00fcvenilir Adresi | Beypazar\u0131 Karoserin Ba\u015fkenti","og_url":"https:\/\/www.beykarsan.com\/?product=iveco-12014-2-el-tenteli-hayvan-celeb-kasasi","og_site_name":"BEYKARSAN KAROSER VE DAMPER SANAY\u0130","article_publisher":"https:\/\/www.facebook.com\/profile.php?id=100050422414160","article_modified_time":"2025-07-05T13:52:47+00:00","og_image":[{"width":4032,"height":3024,"url":"https:\/\/www.beykarsan.com\/wp-content\/uploads\/2022\/04\/IMG_6702-scaled.jpeg","type":"image\/jpeg"}],"twitter_card":"summary_large_image","schema":{"@context":"https:\/\/schema.org","@graph":[{"@type":"WebPage","@id":"https:\/\/www.beykarsan.com\/?product=iveco-12014-2-el-tenteli-hayvan-celeb-kasasi","url":"https:\/\/www.beykarsan.com\/?product=iveco-12014-2-el-tenteli-hayvan-celeb-kasasi","name":"\u0130veco 12014 2. El Tenteli Hayvan\/Celeb Kasas\u0131 - BEYKARSAN KAROSER VE DAMPER SANAY\u0130","isPartOf":{"@id":"https:\/\/www.beykarsan.com\/#website"},"datePublished":"2022-04-22T16:25:44+00:00","dateModified":"2025-07-05T13:52:47+00:00","description":"\u0130veco 12014 2. El Tenteli Hayvan\/Celeb Kasas\u0131 \/ Beykarsan Karoser ve Damper Sanayi - \u00dcstyap\u0131n\u0131n G\u00fcvenilir Adresi | Beypazar\u0131 Karoserin Ba\u015fkenti","breadcrumb":{"@id":"https:\/\/www.beykarsan.com\/?product=iveco-12014-2-el-tenteli-hayvan-celeb-kasasi#breadcrumb"},"inLanguage":"tr","potentialAction":[{"@type":"ReadAction","target":["https:\/\/www.beykarsan.com\/?product=iveco-12014-2-el-tenteli-hayvan-celeb-kasasi"]}]},{"@type":"BreadcrumbList","@id":"https:\/\/www.beykarsan.com\/?product=iveco-12014-2-el-tenteli-hayvan-celeb-kasasi#breadcrumb","itemListElement":[{"@type":"ListItem","position":1,"name":"Anasayfa","item":"https:\/\/www.beykarsan.com\/"},{"@type":"ListItem","position":2,"name":"\u0130veco 12014 2. El Tenteli Hayvan\/Celeb Kasas\u0131"}]},{"@type":"WebSite","@id":"https:\/\/www.beykarsan.com\/#website","url":"https:\/\/www.beykarsan.com\/","name":"BEYKARSAN KAROSER VE DAMPER SANAY\u0130","description":"\u00dcSTYAPININ G\u00dcVEN\u0130L\u0130R ADRES\u0130","publisher":{"@id":"https:\/\/www.beykarsan.com\/#organization"},"potentialAction":[{"@type":"SearchAction","target":{"@type":"EntryPoint","urlTemplate":"https:\/\/www.beykarsan.com\/?s={search_term_string}"},"query-input":"required name=search_term_string"}],"inLanguage":"tr"},{"@type":"Organization","@id":"https:\/\/www.beykarsan.com\/#organization","name":"BEYKARSAN KAROSER VE DAMPER SANAY\u0130","url":"https:\/\/www.beykarsan.com\/","logo":{"@type":"ImageObject","inLanguage":"tr","@id":"https:\/\/www.beykarsan.com\/#\/schema\/logo\/image\/","url":"https:\/\/www.beykarsan.com\/wp-content\/uploads\/2020\/12\/cropped-beykarsan-logo.png","contentUrl":"https:\/\/www.beykarsan.com\/wp-content\/uploads\/2020\/12\/cropped-beykarsan-logo.png","width":512,"height":512,"caption":"BEYKARSAN KAROSER VE DAMPER SANAY\u0130"},"image":{"@id":"https:\/\/www.beykarsan.com\/#\/schema\/logo\/image\/"},"sameAs":["https:\/\/www.facebook.com\/profile.php?id=100050422414160","https:\/\/www.instagram.com\/beykarsankaroserdamper\/"]}]}},"_links":{"self":[{"href":"https:\/\/www.beykarsan.com\/index.php?rest_route=\/wp\/v2\/product\/386","targetHints":{"allow":["GET"]}}],"collection":[{"href":"https:\/\/www.beykarsan.com\/index.php?rest_route=\/wp\/v2\/product"}],"about":[{"href":"https:\/\/www.beykarsan.com\/index.php?rest_route=\/wp\/v2\/types\/product"}],"replies":[{"embeddable":true,"href":"https:\/\/www.beykarsan.com\/index.php?rest_route=%2Fwp%2Fv2%2Fcomments&post=386"}],"wp:featuredmedia":[{"embeddable":true,"href":"https:\/\/www.beykarsan.com\/index.php?rest_route=\/wp\/v2\/media\/263"}],"wp:attachment":[{"href":"https:\/\/www.beykarsan.com\/index.php?rest_route=%2Fwp%2Fv2%2Fmedia&parent=386"}],"wp:term":[{"taxonomy":"product_cat","embeddable":true,"href":"https:\/\/www.beykarsan.com\/index.php?rest_route=%2Fwp%2Fv2%2Fproduct_cat&post=386"},{"taxonomy":"product_tag","embeddable":true,"href":"https:\/\/www.beykarsan.com\/index.php?rest_route=%2Fwp%2Fv2%2Fproduct_tag&post=386"}],"curies":[{"name":"wp","href":"https:\/\/api.w.org\/{rel}","templated":true}]}}