{"id":8,"date":"2020-09-29T16:43:15","date_gmt":"2020-09-29T13:43:15","guid":{"rendered":"http:\/\/beykarsan.com\/?page_id=8"},"modified":"2023-05-09T16:15:06","modified_gmt":"2023-05-09T13:15:06","slug":"bize-ulasin","status":"publish","type":"page","link":"https:\/\/www.beykarsan.com\/?page_id=8","title":{"rendered":"Bize ula\u015f\u0131n"},"content":{"rendered":"\n<div class=\"wp-block-webfactory-map\"><div class=\"wp-block-webfactory-map\"><iframe loading=\"lazy\" width=\"100%\" height=\"300px\" src=\"https:\/\/www.google.com\/maps\/embed\/v1\/place?q=Ayva%C5%9F%C4%B1k%2C%20Marangozlar%20Sanayi%20Sitesi%202.%20Sokak%20No%3A57%2C%2006730%20Beypazar%C4%B1%2FAnkara&amp;maptype=roadmap&amp;zoom=12&amp;key=AIzaSyAjyDspiPfzEfjRSS5fQzm-3jHFjHxeXB4\" frameborder=\"0\"><\/iframe><\/div><\/div>\n\n\n\n<div class=\"wp-block-group alignwide\"><div class=\"wp-block-group__inner-container is-layout-flow wp-block-group-is-layout-flow\">\n<div class=\"wp-block-media-text alignwide has-media-on-the-right is-stacked-on-mobile is-vertically-aligned-center has-background\" style=\"background-color:#f1f5c7;grid-template-columns:auto 36%\"><div class=\"wp-block-media-text__content\">\n<div class=\"wp-block-group has-medium-font-size\" style=\"padding-top:2em;padding-right:2em;padding-bottom:2em;padding-left:2em\"><div class=\"wp-block-group__inner-container is-layout-flow wp-block-group-is-layout-flow\">\n<p style=\"font-size:36px;line-height:1.2\"><strong><mark style=\"background-color:rgba(0, 0, 0, 0)\" class=\"has-inline-color has-black-color\">Adres<\/mark><\/strong><\/p>\n\n\n\n<div class=\"wp-block-columns is-layout-flex wp-container-core-columns-is-layout-9d6595d7 wp-block-columns-is-layout-flex\">\n<div class=\"wp-block-column is-layout-flow wp-block-column-is-layout-flow\" style=\"flex-basis:100%\">\n<pre class=\"wp-block-preformatted has-medium-font-size\"><mark style=\"background-color:rgba(0, 0, 0, 0)\" class=\"has-inline-color has-black-color\">Ayva\u015f\u0131k, Marangozlar Sanayi Sitesi 2. Sokak No:57,06730 Beypazar\u0131\/Ankara<\/mark><\/pre>\n<\/div>\n<\/div>\n<\/div><\/div>\n<\/div><figure class=\"wp-block-media-text__media\"><img loading=\"lazy\" decoding=\"async\" width=\"1024\" height=\"685\" src=\"http:\/\/www.beykarsan.com\/wp-content\/uploads\/2023\/01\/Beyppp.png\" alt=\"\" class=\"wp-image-490 size-full\" srcset=\"https:\/\/www.beykarsan.com\/wp-content\/uploads\/2023\/01\/Beyppp.png 1024w, https:\/\/www.beykarsan.com\/wp-content\/uploads\/2023\/01\/Beyppp-300x201.png 300w, https:\/\/www.beykarsan.com\/wp-content\/uploads\/2023\/01\/Beyppp-768x514.png 768w, https:\/\/www.beykarsan.com\/wp-content\/uploads\/2023\/01\/Beyppp-600x400.png 600w, https:\/\/www.beykarsan.com\/wp-content\/uploads\/2023\/01\/Beyppp-239x160.png 239w, https:\/\/www.beykarsan.com\/wp-content\/uploads\/2023\/01\/Beyppp-820x549.png 820w, https:\/\/www.beykarsan.com\/wp-content\/uploads\/2023\/01\/Beyppp-400x268.png 400w, https:\/\/www.beykarsan.com\/wp-content\/uploads\/2023\/01\/Beyppp-800x535.png 800w\" sizes=\"auto, (max-width: 1024px) 100vw, 1024px\" \/><\/figure><\/div>\n\n\n\n<div style=\"height:100px\" aria-hidden=\"true\" class=\"wp-block-spacer\"><\/div>\n\n\n\n<div class=\"wp-block-media-text alignwide is-stacked-on-mobile is-vertically-aligned-center has-white-background-color has-background\" style=\"grid-template-columns:15% auto\"><figure class=\"wp-block-media-text__media\"><img loading=\"lazy\" decoding=\"async\" width=\"875\" height=\"1024\" src=\"http:\/\/www.beykarsan.com\/wp-content\/uploads\/2023\/01\/beykarsan-phone-1-875x1024.png\" alt=\"\" class=\"wp-image-492 size-full\" srcset=\"https:\/\/www.beykarsan.com\/wp-content\/uploads\/2023\/01\/beykarsan-phone-1-875x1024.png 875w, https:\/\/www.beykarsan.com\/wp-content\/uploads\/2023\/01\/beykarsan-phone-1-256x300.png 256w, https:\/\/www.beykarsan.com\/wp-content\/uploads\/2023\/01\/beykarsan-phone-1-768x898.png 768w, https:\/\/www.beykarsan.com\/wp-content\/uploads\/2023\/01\/beykarsan-phone-1-1313x1536.png 1313w, https:\/\/www.beykarsan.com\/wp-content\/uploads\/2023\/01\/beykarsan-phone-1-513x600.png 513w, https:\/\/www.beykarsan.com\/wp-content\/uploads\/2023\/01\/beykarsan-phone-1-137x160.png 137w, https:\/\/www.beykarsan.com\/wp-content\/uploads\/2023\/01\/beykarsan-phone-1-820x959.png 820w, https:\/\/www.beykarsan.com\/wp-content\/uploads\/2023\/01\/beykarsan-phone-1-400x468.png 400w, https:\/\/www.beykarsan.com\/wp-content\/uploads\/2023\/01\/beykarsan-phone-1-800x936.png 800w, https:\/\/www.beykarsan.com\/wp-content\/uploads\/2023\/01\/beykarsan-phone-1.png 1325w\" sizes=\"auto, (max-width: 875px) 100vw, 875px\" \/><\/figure><div class=\"wp-block-media-text__content\">\n<div class=\"wp-block-group\" style=\"padding-top:2em;padding-right:2em;padding-bottom:2em;padding-left:2em\"><div class=\"wp-block-group__inner-container is-layout-flow wp-block-group-is-layout-flow\">\n<p style=\"font-size:36px;line-height:1.2\"><strong><mark style=\"background-color:rgba(0, 0, 0, 0)\" class=\"has-inline-color has-black-color\">Telefon<\/mark><\/strong><\/p>\n\n\n\n<h6 class=\"has-large-font-size wp-block-heading\" style=\"font-style:normal;font-weight:500\"><mark style=\"background-color:rgba(0, 0, 0, 0)\" class=\"has-inline-color has-black-color\">Mehmet Demir <\/mark><\/h6>\n\n\n\n<h6 class=\"has-large-font-size wp-block-heading\" style=\"font-style:normal;font-weight:500\"><mark style=\"background-color:rgba(0, 0, 0, 0)\" class=\"has-inline-color has-black-color\"><em><a href=\"https:\/\/www.google.com\/search?q=beykarsan&amp;rlz=1C1YTUH_trTR1039TR1039&amp;oq=beykarsan&amp;aqs=chrome.0.35i39i355j46i39i175i199j0i30j69i60l5.5600j0j7&amp;sourceid=chrome&amp;ie=UTF-8#\">0506 119 3242<\/a><\/em>    <\/mark>\/ <mark style=\"background-color:rgba(0, 0, 0, 0)\" class=\"has-inline-color has-black-color\"><em><a href=\"https:\/\/www.google.com\/search?q=beykarsan&amp;rlz=1C1YTUH_trTR1039TR1039&amp;oq=beykarsan&amp;aqs=chrome.0.35i39i355j46i39i175i199j0i30j69i60l5.5600j0j7&amp;sourceid=chrome&amp;ie=UTF-8#\">0553 762 4524<\/a><\/em><\/mark><\/h6>\n\n\n\n<h6 class=\"has-large-font-size wp-block-heading\" style=\"font-style:normal;font-weight:500\"><\/h6>\n<\/div><\/div>\n<\/div><\/div>\n\n\n\n<div style=\"height:100px\" aria-hidden=\"true\" class=\"wp-block-spacer\"><\/div>\n\n\n\n<div class=\"wp-block-group is-nowrap is-layout-flex wp-container-core-group-is-layout-ad2f72ca wp-block-group-is-layout-flex\">\n<div class=\"wp-block-group alignwide\"><div class=\"wp-block-group__inner-container is-layout-constrained wp-block-group-is-layout-constrained\">\n<div class=\"wp-block-group alignwide\"><div class=\"wp-block-group__inner-container is-layout-constrained wp-block-group-is-layout-constrained\">\n<div class=\"wp-block-media-text alignwide has-media-on-the-right is-stacked-on-mobile has-background\" style=\"background-color:#3b752d3d;grid-template-columns:auto 16%\"><div class=\"wp-block-media-text__content\">\n<div class=\"wp-block-group\" style=\"padding-top:2em;padding-right:2em;padding-bottom:2em;padding-left:2em\"><div class=\"wp-block-group__inner-container is-layout-flow wp-block-group-is-layout-flow\">\n<p style=\"font-size:36px;line-height:1.2\"><strong><mark style=\"background-color:rgba(0, 0, 0, 0)\" class=\"has-inline-color has-black-color\">E-posta<\/mark><\/strong><\/p>\n\n\n\n<pre class=\"wp-block-preformatted has-medium-font-size\"><em><mark style=\"background-color:rgba(0, 0, 0, 0)\" class=\"has-inline-color has-black-color\"><strong>beykarsankaroserbeypazari@gmail.com<\/strong><\/mark><\/em><\/pre>\n<\/div><\/div>\n<\/div><figure class=\"wp-block-media-text__media\"><img loading=\"lazy\" decoding=\"async\" width=\"512\" height=\"512\" src=\"https:\/\/www.beykarsan.com\/wp-content\/uploads\/2023\/01\/Email-PNG-Clipart.png\" alt=\"\" class=\"wp-image-493 size-full\" srcset=\"https:\/\/www.beykarsan.com\/wp-content\/uploads\/2023\/01\/Email-PNG-Clipart.png 512w, https:\/\/www.beykarsan.com\/wp-content\/uploads\/2023\/01\/Email-PNG-Clipart-300x300.png 300w, https:\/\/www.beykarsan.com\/wp-content\/uploads\/2023\/01\/Email-PNG-Clipart-150x150.png 150w, https:\/\/www.beykarsan.com\/wp-content\/uploads\/2023\/01\/Email-PNG-Clipart-160x160.png 160w, https:\/\/www.beykarsan.com\/wp-content\/uploads\/2023\/01\/Email-PNG-Clipart-400x400.png 400w, https:\/\/www.beykarsan.com\/wp-content\/uploads\/2023\/01\/Email-PNG-Clipart-100x100.png 100w\" sizes=\"auto, (max-width: 512px) 100vw, 512px\" \/><\/figure><\/div>\n\n\n\n<p><\/p>\n<\/div><\/div>\n\n\n\n<div style=\"height:100px\" aria-hidden=\"true\" class=\"wp-block-spacer\"><\/div>\n<\/div><\/div>\n<\/div>\n<\/div><\/div>\n\n\n\n<div class=\"wp-block-columns is-layout-flex wp-container-core-columns-is-layout-9d6595d7 wp-block-columns-is-layout-flex\">\n<div class=\"wp-block-column is-layout-flow wp-block-column-is-layout-flow\"><\/div>\n\n\n\n<div class=\"wp-block-column is-layout-flow wp-block-column-is-layout-flow\"><\/div>\n\n\n\n<div class=\"wp-block-column is-layout-flow wp-block-column-is-layout-flow\"><\/div>\n<\/div>\n","protected":false},"excerpt":{"rendered":"<p>Adres Ayva\u015f\u0131k, Marangozlar Sanayi Sitesi 2. Sokak No:57,06730 Beypazar\u0131\/Ankara Telefon Mehmet Demir 0506 119 3242 \/ 0553 762 4524 E-posta beykarsankaroserbeypazari@gmail.com<\/p>\n","protected":false},"author":1,"featured_media":0,"parent":0,"menu_order":0,"comment_status":"closed","ping_status":"closed","template":"page-templates\/page_fullwidth.php","meta":{"footnotes":""},"class_list":["post-8","page","type-page","status-publish","hentry"],"yoast_head":"<!-- This site is optimized with the Yoast SEO plugin v21.1 - https:\/\/yoast.com\/wordpress\/plugins\/seo\/ -->\n<title>Bize ula\u015f\u0131n - BEYKARSAN KAROSER VE DAMPER SANAY\u0130<\/title>\n<meta name=\"robots\" content=\"index, follow, max-snippet:-1, max-image-preview:large, max-video-preview:-1\" \/>\n<link rel=\"canonical\" href=\"https:\/\/www.beykarsan.com\/?page_id=8\" \/>\n<meta property=\"og:locale\" content=\"tr_TR\" \/>\n<meta property=\"og:type\" content=\"article\" \/>\n<meta property=\"og:title\" content=\"Bize ula\u015f\u0131n - BEYKARSAN KAROSER VE DAMPER SANAY\u0130\" \/>\n<meta property=\"og:description\" content=\"Adres Ayva\u015f\u0131k, Marangozlar Sanayi Sitesi 2. Sokak No:57,06730 Beypazar\u0131\/Ankara Telefon Mehmet Demir 0506 119 3242 \/ 0553 762 4524 E-posta beykarsankaroserbeypazari@gmail.com\" \/>\n<meta property=\"og:url\" content=\"https:\/\/www.beykarsan.com\/?page_id=8\" \/>\n<meta property=\"og:site_name\" content=\"BEYKARSAN KAROSER VE DAMPER SANAY\u0130\" \/>\n<meta property=\"article:publisher\" content=\"https:\/\/www.facebook.com\/profile.php?id=100050422414160\" \/>\n<meta property=\"article:modified_time\" content=\"2023-05-09T13:15:06+00:00\" \/>\n<meta property=\"og:image\" content=\"http:\/\/www.beykarsan.com\/wp-content\/uploads\/2023\/01\/Beyppp.png\" \/>\n<meta name=\"twitter:card\" content=\"summary_large_image\" \/>\n<meta name=\"twitter:label1\" content=\"Tahmini okuma s\u00fcresi\" \/>\n\t<meta name=\"twitter:data1\" content=\"1 dakika\" \/>\n<script type=\"application\/ld+json\" class=\"yoast-schema-graph\">{\"@context\":\"https:\/\/schema.org\",\"@graph\":[{\"@type\":\"WebPage\",\"@id\":\"https:\/\/www.beykarsan.com\/?page_id=8\",\"url\":\"https:\/\/www.beykarsan.com\/?page_id=8\",\"name\":\"Bize ula\u015f\u0131n - BEYKARSAN KAROSER VE DAMPER SANAY\u0130\",\"isPartOf\":{\"@id\":\"https:\/\/www.beykarsan.com\/#website\"},\"datePublished\":\"2020-09-29T13:43:15+00:00\",\"dateModified\":\"2023-05-09T13:15:06+00:00\",\"breadcrumb\":{\"@id\":\"https:\/\/www.beykarsan.com\/?page_id=8#breadcrumb\"},\"inLanguage\":\"tr\",\"potentialAction\":[{\"@type\":\"ReadAction\",\"target\":[\"https:\/\/www.beykarsan.com\/?page_id=8\"]}]},{\"@type\":\"BreadcrumbList\",\"@id\":\"https:\/\/www.beykarsan.com\/?page_id=8#breadcrumb\",\"itemListElement\":[{\"@type\":\"ListItem\",\"position\":1,\"name\":\"Anasayfa\",\"item\":\"https:\/\/www.beykarsan.com\/\"},{\"@type\":\"ListItem\",\"position\":2,\"name\":\"Bize ula\u015f\u0131n\"}]},{\"@type\":\"WebSite\",\"@id\":\"https:\/\/www.beykarsan.com\/#website\",\"url\":\"https:\/\/www.beykarsan.com\/\",\"name\":\"BEYKARSAN KAROSER VE DAMPER SANAY\u0130\",\"description\":\"\u00dcSTYAPININ G\u00dcVEN\u0130L\u0130R ADRES\u0130\",\"publisher\":{\"@id\":\"https:\/\/www.beykarsan.com\/#organization\"},\"potentialAction\":[{\"@type\":\"SearchAction\",\"target\":{\"@type\":\"EntryPoint\",\"urlTemplate\":\"https:\/\/www.beykarsan.com\/?s={search_term_string}\"},\"query-input\":\"required name=search_term_string\"}],\"inLanguage\":\"tr\"},{\"@type\":\"Organization\",\"@id\":\"https:\/\/www.beykarsan.com\/#organization\",\"name\":\"BEYKARSAN KAROSER VE DAMPER SANAY\u0130\",\"url\":\"https:\/\/www.beykarsan.com\/\",\"logo\":{\"@type\":\"ImageObject\",\"inLanguage\":\"tr\",\"@id\":\"https:\/\/www.beykarsan.com\/#\/schema\/logo\/image\/\",\"url\":\"https:\/\/www.beykarsan.com\/wp-content\/uploads\/2020\/12\/cropped-beykarsan-logo.png\",\"contentUrl\":\"https:\/\/www.beykarsan.com\/wp-content\/uploads\/2020\/12\/cropped-beykarsan-logo.png\",\"width\":512,\"height\":512,\"caption\":\"BEYKARSAN KAROSER VE DAMPER SANAY\u0130\"},\"image\":{\"@id\":\"https:\/\/www.beykarsan.com\/#\/schema\/logo\/image\/\"},\"sameAs\":[\"https:\/\/www.facebook.com\/profile.php?id=100050422414160\",\"https:\/\/www.instagram.com\/beykarsankaroserdamper\/\"]}]}<\/script>\n<!-- \/ Yoast SEO plugin. -->","yoast_head_json":{"title":"Bize ula\u015f\u0131n - BEYKARSAN KAROSER VE DAMPER SANAY\u0130","robots":{"index":"index","follow":"follow","max-snippet":"max-snippet:-1","max-image-preview":"max-image-preview:large","max-video-preview":"max-video-preview:-1"},"canonical":"https:\/\/www.beykarsan.com\/?page_id=8","og_locale":"tr_TR","og_type":"article","og_title":"Bize ula\u015f\u0131n - BEYKARSAN KAROSER VE DAMPER SANAY\u0130","og_description":"Adres Ayva\u015f\u0131k, Marangozlar Sanayi Sitesi 2. Sokak No:57,06730 Beypazar\u0131\/Ankara Telefon Mehmet Demir 0506 119 3242 \/ 0553 762 4524 E-posta beykarsankaroserbeypazari@gmail.com","og_url":"https:\/\/www.beykarsan.com\/?page_id=8","og_site_name":"BEYKARSAN KAROSER VE DAMPER SANAY\u0130","article_publisher":"https:\/\/www.facebook.com\/profile.php?id=100050422414160","article_modified_time":"2023-05-09T13:15:06+00:00","og_image":[{"url":"http:\/\/www.beykarsan.com\/wp-content\/uploads\/2023\/01\/Beyppp.png"}],"twitter_card":"summary_large_image","twitter_misc":{"Tahmini okuma s\u00fcresi":"1 dakika"},"schema":{"@context":"https:\/\/schema.org","@graph":[{"@type":"WebPage","@id":"https:\/\/www.beykarsan.com\/?page_id=8","url":"https:\/\/www.beykarsan.com\/?page_id=8","name":"Bize ula\u015f\u0131n - BEYKARSAN KAROSER VE DAMPER SANAY\u0130","isPartOf":{"@id":"https:\/\/www.beykarsan.com\/#website"},"datePublished":"2020-09-29T13:43:15+00:00","dateModified":"2023-05-09T13:15:06+00:00","breadcrumb":{"@id":"https:\/\/www.beykarsan.com\/?page_id=8#breadcrumb"},"inLanguage":"tr","potentialAction":[{"@type":"ReadAction","target":["https:\/\/www.beykarsan.com\/?page_id=8"]}]},{"@type":"BreadcrumbList","@id":"https:\/\/www.beykarsan.com\/?page_id=8#breadcrumb","itemListElement":[{"@type":"ListItem","position":1,"name":"Anasayfa","item":"https:\/\/www.beykarsan.com\/"},{"@type":"ListItem","position":2,"name":"Bize ula\u015f\u0131n"}]},{"@type":"WebSite","@id":"https:\/\/www.beykarsan.com\/#website","url":"https:\/\/www.beykarsan.com\/","name":"BEYKARSAN KAROSER VE DAMPER SANAY\u0130","description":"\u00dcSTYAPININ G\u00dcVEN\u0130L\u0130R ADRES\u0130","publisher":{"@id":"https:\/\/www.beykarsan.com\/#organization"},"potentialAction":[{"@type":"SearchAction","target":{"@type":"EntryPoint","urlTemplate":"https:\/\/www.beykarsan.com\/?s={search_term_string}"},"query-input":"required name=search_term_string"}],"inLanguage":"tr"},{"@type":"Organization","@id":"https:\/\/www.beykarsan.com\/#organization","name":"BEYKARSAN KAROSER VE DAMPER SANAY\u0130","url":"https:\/\/www.beykarsan.com\/","logo":{"@type":"ImageObject","inLanguage":"tr","@id":"https:\/\/www.beykarsan.com\/#\/schema\/logo\/image\/","url":"https:\/\/www.beykarsan.com\/wp-content\/uploads\/2020\/12\/cropped-beykarsan-logo.png","contentUrl":"https:\/\/www.beykarsan.com\/wp-content\/uploads\/2020\/12\/cropped-beykarsan-logo.png","width":512,"height":512,"caption":"BEYKARSAN KAROSER VE DAMPER SANAY\u0130"},"image":{"@id":"https:\/\/www.beykarsan.com\/#\/schema\/logo\/image\/"},"sameAs":["https:\/\/www.facebook.com\/profile.php?id=100050422414160","https:\/\/www.instagram.com\/beykarsankaroserdamper\/"]}]}},"_links":{"self":[{"href":"https:\/\/www.beykarsan.com\/index.php?rest_route=\/wp\/v2\/pages\/8","targetHints":{"allow":["GET"]}}],"collection":[{"href":"https:\/\/www.beykarsan.com\/index.php?rest_route=\/wp\/v2\/pages"}],"about":[{"href":"https:\/\/www.beykarsan.com\/index.php?rest_route=\/wp\/v2\/types\/page"}],"author":[{"embeddable":true,"href":"https:\/\/www.beykarsan.com\/index.php?rest_route=\/wp\/v2\/users\/1"}],"replies":[{"embeddable":true,"href":"https:\/\/www.beykarsan.com\/index.php?rest_route=%2Fwp%2Fv2%2Fcomments&post=8"}],"version-history":[{"count":35,"href":"https:\/\/www.beykarsan.com\/index.php?rest_route=\/wp\/v2\/pages\/8\/revisions"}],"predecessor-version":[{"id":555,"href":"https:\/\/www.beykarsan.com\/index.php?rest_route=\/wp\/v2\/pages\/8\/revisions\/555"}],"wp:attachment":[{"href":"https:\/\/www.beykarsan.com\/index.php?rest_route=%2Fwp%2Fv2%2Fmedia&parent=8"}],"curies":[{"name":"wp","href":"https:\/\/api.w.org\/{rel}","templated":true}]}}